1115
Calculate the remainder when 88269 is divided by 2444.
285
What is the remainder when 28013346 is divided by 3179?
3177
Calculate the remainder when 129062 is divided by 521.
375
Calculate the remainder when 65018 is divided by 683.
133
What is the remainder when 7979 is divided by 7885?
94
What is the remainder when 44827395 is divided by 31502?
49
Calculate the remainder when 22672439 is divided by 756.
755
What is the remainder when 16398319 is divided by 4099574?
23
Calculate the remainder when 70475 is divided by 1276.
295
What is the remainder when 1565095 is divided by 19?
8
What is the remainder when 8683566 is divided by 1085445?
6
What is the remainder when 565638 is divided by 276?
114
Calculate the remainder when 21261751 is divided by 21261617.
134
Calculate the remainder when 6158373 is divided by 34212.
213
Calculate the remainder when 815582768 is divided by 17.
16
What is the remainder when 56984 is divided by 227?
7
What is the remainder when 16098325 is divided by 2742?
43
What is the remainder when 56343 is divided by 13057?
4115
What is the remainder when 56335 is divided by 409?
302
Calculate the remainder when 69286 is divided by 1842.
1132
What is the remainder when 1183034378 is divided by 110?
108
Calculate the remainder when 9925573 is divided by 18.
13
Calculate the remainder when 88232 is divided by 88016.
216
Calculate the remainder when 117633 is divided by 1676.
313
What is the remainder when 68141462 is divided by 22713819?
5
What is the remainder when 39186694 is divided by 5457?
5434
Calculate the remainder when 12030200 is divided by 289.
286
Calculate the remainder when 14923366 is divided by 24.
22
Calculate the remainder when 215514221 is divided by 8.
5
What is the remainder when 14581042 is divided by 39?
34
Calculate the remainder when 235355 is divided by 25645.
4550
What is the remainder when 26417670 is divided by 568?
558
What is the remainder when 12608797 is divided by 32002?
9
Calculate the remainder when 95754 is divided by 46266.
3222
What is the remainder when 585271 is divided by 34425?
46
Calculate the remainder when 2514287 is divided by 1257136.
15
What is the remainder when 14806 is divided by 2205?
1576
Calculate the remainder when 1671567 is divided by 367.
249
Calculate the remainder when 7137422 is divided by 15218.
180
Calculate the remainder when 694499 is divided by 181.
2
Calculate the remainder when 5086429 is divided by 391260.
49
Calculate the remainder when 130944287 is divided by 5.
2
Calculate the remainder when 2536658 is divided by 3671.
3668
What is the remainder when 155261305 is divided by 100298?
1
What is the remainder when 1819642 is divided by 101072?
346
What is the remainder when 71858 is divided by 2242?
114
What is the remainder when 4610344 is divided by 841?
823
Calculate the remainder when 12758602 is divided by 5033.
4980
What is the remainder when 4223416 is divided by 274?
254
What is the remainder when 104819656 is divided by 70396?
12
Calculate the remainder when 636435 is divided by 6078.
4323
Calculate the remainder when 27078716 is divided by 1608.
1604
Calculate the remainder when 20905881 is divided by 18.
15
What is the remainder when 1269872 is divided by 141089?
71
What is the remainder when 83403 is divided by 46?
5
Calculate the remainder when 3797346 is divided by 48.
18
What is the remainder when 511944 is divided by 988?
160
Calculate the remainder when 2642187 is divided by 1320266.
1655
What is the remainder when 23253 is divided by 149?
9
Calculate the remainder when 4180383 is divided by 130.
103
What is the remainder when 1993414 is divided by 35?
24
Calculate the remainder when 28399 is divided by 359.
38
Calculate the remainder when 6140179 is divided by 4318.
4301
Calculate the remainder when 486948 is divided by 337.
320
What is the remainder when 598411 is divided by 5984?
11
What is the remainder when 375317 is divided by 2120?
77
Calculate the remainder when 1142424 is divided by 158.
84
What is the remainder when 28203549 is divided by 72?
69
What is the remainder when 1245849 is divided by 22247?
17
Calculate the remainder when 44933 is divided by 2014.
625
Calculate the remainder when 2114696 is divided by 795.
791
Calculate the remainder when 516164 is divided by 64491.
236
What is the remainder when 6040635 is divided by 2615?
2600
What is the remainder when 264334 is divided by 133?
63
What is the remainder when 474834 is divided by 27927?
75
Calculate the remainder when 51201412 is divided by 4338.
4336
What is the remainder when 23707 is divided by 7730?
517
Calculate the remainder when 44090197 is divided by 14696730.
7
What is the remainder when 757141 is divided by 1262?
1203
What is the remainder when 1429864 is divided by 714525?
814
What is the remainder when 249483 is divided by 2653?
101
Calculate the remainder when 7743500 is divided by 3871728.
44
Calculate the remainder when 45313 is divided by 33779.
11534
Calculate the remainder when 1121631 is divided by 37387.
21
Calculate the remainder when 86734181 is divided by 1044990.
11
What is the remainder when 194928 is divided by 8473?
49
What is the remainder when 29382097 is divided by 4197436?
45
What is the remainder when 166357 is divided by 232?
13
What is the remainder when 74324 is divided by 1452?
272
Calculate the remainder when 619703 is divided by 14084.
7
What is the remainder when 5448998 is divided by 5448983?
15
Calculate the remainder when 228372 is divided by 35941.
12726
Calculate the remainder when 2235936 is divided by 122.
42
What is the remainder when 450030 is divided by 953?
214
What is the remainder when 22980 is divided by 102?
30
Calculate the remainder when 2013468 is divided by 520.
28
What is the remainder when 3386322 is divided by 911?
135
What is the remainder when 60809 is divided by 281?
113
Calculate the remainder when 2378430 is divided by 17111.
1
Calculate the remainder when 494456 is divided by 35314.
60
Calculate the remainder when 2406791 is divided by 802262.
5
What is the remainder when 43892719 is divided by 730?
9
What is the remainder when 32377067 is divided by 9?
8
Calculate the remainder when 159918 is divided by 1927.
1904
Calculate the remainder when 110182279 is divided by 2141.
2137
Calculate the remainder when 2950 is divided by 1437.
76
Calculate the remainder when 1323978 is divided by 101841.
45
What is the remainder when 500409 is divided by 51?
48
What is the remainder when 19442284 is divided by 11994?
10
What is the remainder when 2607866 is divided by 68?
66
Calculate the remainder when 587407 is divided by 65.
2
What is the remainder when 238784 is divided by 137?
130
What is the remainder when 267022572 is divided by 3915?
3912
What is the remainder when 2289000 is divided by 723?
705
What is the remainder when 346489 is divided by 31383?
1276
What is the remainder when 151447 is divided by 1441?
142
What is the remainder when 562630739 is divided by 588?
587
Calculate the remainder when 479472 is divided by 594.
114
What is the remainder when 1969706 is divided by 140691?
32
Calculate the remainder when 2603497 is divided by 1280.
1257
Calculate the remainder when 1199612 is divided by 36.
20
Calculate the remainder when 29450010 is divided by 1072.
26
Calculate the remainder when 1035092 is divided by 1307.
1255
What is the remainder when 665517086 is divided by 3949?
14
Calculate the remainder when 28954 is divided by 7110.
514
Calculate the remainder when 122242 is divided by 61116.
10
Calculate the remainder when 34893799 is divided by 34893785.
14
What is the remainder when 13312921 is divided by 19870?
21
Calculate the remainder when 29894576 is divided by 164.
0
What is the remainder when 710328 is divided by 1443?
372
Calculate the remainder when 655285 is divided by 3293.
3271
Calculate the remainder when 37707 is divided by 37696.
11
Calculate the remainder when 189136 is divided by 837.
811
Calculate the remainder when 43146614 is divided by 21573299.
16
Calculate the remainder when 82004452 is divided by 354.
352
What is the remainder when 9350433 is divided by 17?
8
Calculate the remainder when 204970 is divided by 716.
194
Calculate the remainder when 136266632 is divided b